m = -54374 - -81329. What is the ten thousands digit of m?
2
Suppose 3*n = 3*o - 15195, -2*n - 42012 = -5*o - 16687. Suppose 10*p - 95 - o = 0. What is the tens digit of p?
1
Let w be 1 + -1 + 0 - (-576 + 2). Suppose 5*t - 281 - w = 0. What is the hundreds digit of t?
1
Suppose 7*v - 116907 - 23206 - 44918 = 0. What is the hundreds digit of v?
4
Let i(j) = 2400*j**2 - 496*j - 2001. What is the hundreds digit of i(-4)?
3
Let r(i) = -5*i - 41. Let o(h) = -h - 10. Let c(s) = -9*o(s) + 2*r(s). Let x be c(3). Suppose -p - z = -92, 0*p + x*z = -p + 92. What is the units digit of p?
2
Suppose 5460 = -17*t + 22*t. What is the thousands digit of t?
1
Let x(o) = 47*o**2 + o + 153. What is the units digit of x(10)?
3
Let b = 160 + -293. Suppose -x - 70 = 2*r, 20 = 6*r - 2*r. Let m = x - b. What is the tens digit of m?
5
Let x = -105 - -116. Suppose -111 = -3*g + 15. Suppose 14*d - g = x*d. What is the tens digit of d?
1
Let m(u) = 984*u - 1192. What is the units digit of m(10)?
8
Let q be (1 - (-13)/(-5))/((-13)/65). Suppose 2*j + 2*j - 1928 = -4*y, 0 = 2*y + q. What is the units digit of j?
6
Suppose -5*i + 335384 = p, i + 23*p = 18*p + 67048. What is the thousands digit of i?
7
Let v(m) be the third derivative of m**5/30 - m**4 - 6*m**3 - 77*m**2 - 2. What is the tens digit of v(17)?
3
Suppose -3*u + 6*u = 4*c + 32, 0 = 2*c - 2*u + 16. What is the hundreds digit of 141/(-376) + (-4195)/c - 6?
5
Let t(o) = 2*o**3 - 79*o**2 + 169*o - 754. What is the thousands digit of t(49)?
3
Let a = 112 + -107. Suppose -a*x - 85 = -935. What is the hundreds digit of x?
1
What is the hundreds digit of 9/6 + 1/(-8)*-35788?
4
Let r(k) = -k**3 + 49*k**2 + 56*k + 287. Let p be r(50). Let f = -345 + p. What is the hundreds digit of f?
2
Let v(d) = d**3 + 8*d**2 - 9*d + 3. Let u be v(-9). What is the hundreds digit of 465 - (u/(-1) - -5)?
4
Let w(c) = -7*c**2 - c - 22. Let y be w(-9). Let i = 832 + y. Suppose t = -4*q + i, 3*q = 3*t + q - 812. What is the units digit of t?
8
What is the hundreds digit of -2*(-17 + 19 + (-32700)/8)?
1
Let w be (18 + -22)*(0 + 1*-1). Let r be 12 + -1 + w + -6. What is the units digit of ((-5)/((-30)/r))/(12/832)?
4
Let y(k) = 486*k + 7. What is the thousands digit of y(3)?
1
What is the hundreds digit of (-20000)/(-14)*(-903)/(-258)?
0
Let t(r) = -r**2 + 24*r - 10. Suppose 2*z - 11 = 9. What is the tens digit of t(z)?
3
Suppose 8*z - 3*z + 255775 = 5*c, 204648 = 4*c + 3*z. What is the thousands digit of c?
1
Let y be (-1)/((-20)/784) + (-2)/10. Let p = y - 41. What is the units digit of (20 + 1 + p)/1?
9
Let p(l) = l**3 + 6*l**2 - 9*l - 10. Let x be p(-7). Suppose -218 = 3*z + x*s, -s = -3*z - 0*s - 208. What is the tens digit of 4/14 - 1030/z?
1
Suppose 2*q - 705 = 5*y - 2844, 5*y - 4*q = 2153. What is the tens digit of y?
2
Let i = -326 - -330. Suppose 3*n - 8*n = c - 529, i*c - 2094 = 2*n. What is the tens digit of c?
2
Let g(c) = c**3 - 208 - 34*c - c**3 + 23*c**2 - c**3 + 260. What is the units digit of g(21)?
0
Suppose -9 + 6 = -d. Suppose -540 = -4*c + 4*u, -3*u = d*c - 2*u - 389. Let i = c + -56. What is the units digit of i?
5
Suppose -45943 - 431409 = -44*w + 489768. What is the tens digit of w?
8
Let s be (-6)/4*(27 + -25). Let t be s - (5 - (5 - -3)). Suppose t = -4*b + 23 + 33. What is the tens digit of b?
1
Let q(a) = 12*a**2 + 48*a - 1116. What is the units digit of q(18)?
6
Suppose 111903 = -82*l - 72*l + 165*l. What is the hundreds digit of l?
1
Let j = 122 + -120. Suppose 0 = 4*m - 4*n - 600, -j*m - m + 466 = n. What is the units digit of m?
4
Suppose -5*m = -2*m - 3*d + 1320, 4*d = -5*m - 2200. Let j = -83 - m. What is the units digit of j?
7
Suppose -8*n = -11*n - m + 3305, n - 1115 = 3*m. Let j = n + -660. What is the tens digit of j?
4
What is the ten thousands digit of (-11523)/501 - (-83459 + -1)?
8
Let a = 38646 - 25231. What is the hundreds digit of a?
4
Let k = -5371 - -7388. What is the tens digit of k?
1
Let x(o) = 1021*o**2 + 125*o - 556. What is the hundreds digit of x(4)?
2
Let l(p) = 3612*p**3 + 16*p**2 - 15*p - 2. What is the hundreds digit of l(1)?
6
Suppose -2*w + 4249 = z, 4*z + 2798 - 11294 = -4*w. Let f = w + -1070. What is the thousands digit of f?
1
Let n(s) = -s**3 + 14*s**2 + 16*s - 16. Let k be n(15). What is the units digit of 0 + 2 + k + 177?
8
Let c(b) = 2*b**2 + 48*b + 3. Let v be -2 + -2 - 416/(-32). What is the units digit of c(v)?
7
Let r(k) = -460*k - 27. Suppose -10 = 41*g - 31*g. What is the hundreds digit of r(g)?
4
Let r(g) = -375*g + 40. Let s be r(6). Let x = -655 - s. What is the thousands digit of x?
1
Suppose -3*u + 679 + 89 = 0. Let v = u - 246. What is the units digit of v?
0
Let o(t) = 71*t**2 + 39*t - 76. What is the units digit of o(-19)?
4
Suppose 0 = -2*w + 2*a + 18300, 5*w + 89*a - 45800 = 84*a. What is the thousands digit of w?
9
Suppose -3*f = 3*p + 213, p = 4*f - f + 197. Let m(a) = -2*a**2 + 8*a + 1. Let d be m(11). Let t = f - d. What is the units digit of t?
6
Suppose 5*z - 5*t = 21571 - 5186, -3*t = -z + 3267. What is the hundreds digit of z?
2
Let p(b) = 13*b**2 + 4*b - 80. What is the units digit of p(9)?
9
Suppose 4*l = -4*l. Suppose 4*u - 5 - 11 = l. Suppose 0*a + 5*n - 152 = -a, -4*n = u. What is the hundreds digit of a?
1
Let b be 116 + 0 + -8 + 4 + 4. Suppose -15 = -4*x - 11. What is the hundreds digit of ((b/10)/((-2)/(-20)))/x?
1
Suppose p - 21 = -15. Suppose -t = -p*o + o + 2116, 5*t = o - 428. What is the hundreds digit of o?
4
Let p(h) = 2*h**3 + 2*h**2 - h + 1. Let g be p(2). Let w = -15 + g. What is the units digit of w?
8
Let o(t) = 999*t**2 - 7*t + 12. Let n(a) = 499*a**2 - 3*a + 5. Let g(d) = 7*n(d) - 3*o(d). What is the units digit of g(-1)?
5
What is the units digit of (3/12)/(12/673392)?
9
Suppose -104*h + 4145920 = 239056. What is the tens digit of h?
6
Suppose -g = 4*n - 70910, 2*g - 70904 = -44*n + 40*n. What is the hundreds digit of n?
7
Let z(c) = 4*c**2 - c - 1. Let a be z(-1). Suppose -5*q - 2 = 2*n - n, -5*q + 2*n = -a. Suppose q = -5*m + 236 + 44. What is the tens digit of m?
5
Let j be -2*(1490/4)/(-5). Suppose 2*g - 4*n - 58 = 0, -3*g - 56 = -4*n - j. Let f = 77 - g. What is the tens digit of f?
4
Let r(l) be the third derivative of 3*l**5/5 - l**4/24 + 7*l**3/6 - 34*l**2. What is the units digit of r(3)?
8
Suppose 0 = 383*r - 363*r - 132140. What is the units digit of r?
7
Suppose 4*f = -2*j - 0*j - 1248, 4*f = j - 1260. Let a = 671 + f. What is the units digit of a?
7
Let g = 186 + -184. Suppose 3*b - 344 = 2*q, 4*b + 217 = g*q + 675. What is the units digit of b?
4
Let k(t) = 2*t**3 - 127*t**2 - 40*t + 91. What is the hundreds digit of k(64)?
6
Let q = 7661 - 2848. What is the hundreds digit of q?
8
Let x = 183 - 179. Suppose 1321 = 4*a - 2*v - 3*v, -5*v + 1311 = x*a. What is the hundreds digit of a?
3
Suppose 0 = 4*x + 5*o - 16907, -23*x + 20*x + 12657 = -4*o. Let d = x + -2962. What is the units digit of d?
1
Let j be (50/15)/((6/9)/2). Let k(n) = 4 + j*n**2 + 8*n**2 + n**2 + 5*n + 9*n**2. What is the units digit of k(-2)?
6
Let n(q) = -q**3 - q**2 + 4*q + 3. Let g be n(-2). What is the tens digit of g*(-451 + (-3 - -1))?
5
What is the tens digit of -10*(236166/(-462) - (-2)/11)?
1
Suppose 9 + 20 = 3*c - 2*a, -2*c - 2*a + 6 = 0. Suppose 12*w = c*w + 1880. Suppose 3*v = -x + 132, -5*x = v - 340 - w. What is the tens digit of x?
4
Suppose -4*w - 4 = f, -3 + 7 = 5*w - f. Suppose 2*a - 7*g + 4*g - 89 = w, -212 = -5*a + 4*g. What is the tens digit of a?
4
Let j(h) = -5*h**2 + 13*h - 1. Let l be j(4). Suppose d - 128 = -s + 11, -561 = -4*s - 3*d. Let t = l + s. What is the units digit of t?
5
Let n(a) = 2144*a - 802. What is the units digit of n(6)?
2
Let u be 1/3*254 + 8/(-12). Suppose -u*g + 79*g = -4980. What is the units digit of g?
6
Let w(x) = 9*x - 127. Let q be w(19). What is the hundreds digit of 322 + -1 + 0/q?
3
Let h(i) = -i**3 - 8*i**2 + 8*i + 16. Suppose -s = -k, -1 + 9 = 3*k + s. Suppose 3*a + 21 = k*z, -2*a = -3*a - 3*z - 18. What is the tens digit of h(a)?
2
Let i be 6/(-18)*-15*(0 - 64). Let v = -228 - i. Suppose 437 + v = 4*d - f, 0 = -d - 3*f + 116. What is the units digit of d?
1
What is the hundreds digit of (-24*745)/((24/(-18))/2)?
8
Suppose -317*l = -275*l - 265440. What is the units digit of l?
0
Suppose 2*y 